e 4*w - 413 = i*x, 0*w + 507 = 5*w + 3*x. Let j = 164 - w. Calculate the remainder when j is divided by 21.
20
Let y = 84 + -80. Suppose y*i + 4*b = 56, 2*i - b - 2*b - 48 = 0. What is the remainder when 35 is divided by i?
17
Let m(r) = -3*r**3 - 1. Let b be m(-1). Suppose -60 = -3*a - 3*z, -20 = -a - b*z + 3. What is the remainder when 33 is divided by a?
16
Suppose s - 20 = -3*g, g = -0*g - 2*s + 10. Let t = 18 + 4. Suppose t = 4*h - 38. Calculate the remainder when h is divided by g.
3
Let c = -3 + 3. Suppose 3*r + 9 = c, n = -5*r + 27 - 9. Calculate the remainder when n is divided by (-3)/(18/(-120)) - 11.
6
Suppose y + 1 = 4. Suppose -2*l + 5*f + 2 + 17 = 0, -y*l - 4*f + 86 = 0. Calculate the remainder when l is divided by (48/20)/(6/20).
6
Suppose -5 = 4*q - 21. Suppose 0 = -4*x + 2*r + 226, 0 = -5*x + q*r + 128 + 159. Calculate the remainder when x is divided by 28.
27
Let y = -1092 - -1143. What is the remainder when 101 is divided by y?
50
Let i = -1301 + 1522. Calculate the remainder when i is divided by 25.
21
Let t(q) = 2*q**2 + 9*q - 3. Let m(o) = o**3 + 9*o**2 - 3*o. Let p(b) = 6*b + 3. Let s be p(-2). What is the remainder when t(-8) is divided by m(s)?
26
Let b(a) = 4*a**2 + 15*a + 42. What is the remainder when b(-8) is divided by 60?
58
Let g be 65/20 - (-1)/(-4). Let k be 65/2 + (9/(-2) - -6). Suppose 0 = i - g*l - k, 2*l = 7*l + 10. What is the remainder when i is divided by 15?
13
Suppose -3*j + 29 = -28. Let i(w) = w**3 - 13*w**2 + w - 13. Let x be i(13). Suppose x = 5*u - 0*u - 280. Calculate the remainder when u is divided by j.
18
Let k be (9 + -11)*(-6)/4. Suppose -k*x - 3 + 12 = 0. Suppose 3*f + 111 = -0*a + 5*a, -4*f = x*a - 55. What is the remainder when 40 is divided by a?
19
Let o be (-2)/(-10) - 84/(-30). Suppose -o*k + 2*z - 3*z = -561, 2*z = 0. What is the remainder when k is divided by 38?
35
Suppose 324 = 29*l - 2*l. What is the remainder when 166 is divided by l?
10
Let x(g) = 3*g**3 - g**2 + 1. Let k be x(-1). Suppose f + 16 = 41. Calculate the remainder when f is divided by (k + -4)/(3/(-3)).
4
Let v be -5 - (2 - (-5 - -16)). Suppose -6*t + 320 = v*t. What is the remainder when 60 is divided by t?
28
Suppose 0*p + 3*p - 50 = -5*h, 3*p + h - 34 = 0. What is the remainder when 28 is divided by p?
8
Let u = 408 - 354. What is the remainder when 101 is divided by u?
47
Let t be 2 - (-1 - 0)*116. Let f = t + -62. Let a = 123 - 104. Calculate the remainder when f is divided by a.
18
Suppose 3*h - 2*h - u - 38 = 0, -4*h + 3*u = -157. What is the remainder when h is divided by 4?
3
Suppose -314 = -17*g + 366. Calculate the remainder when 189 is divided by g.
29
Let n = 14 - 10. Suppose 113 = n*h - 75. Let l(r) = r**2 + 8*r + 27. Calculate the remainder when h is divided by l(-5).
11
Let y = 41 - 41. Suppose 3*h - 18 + 3 = y. What is the remainder when 19 is divided by h?
4
Suppose -4*m - 3*y + 3 + 12 = 0, -4*m = -3*y - 9. Suppose -4*p = -3*k - 278, m*p - 67 = 2*k + 142. Calculate the remainder when p is divided by 20.
11
Suppose -3*w = 5*w. Suppose 7 - 28 = -3*t. What is the remainder when t is divided by w + -4 + 4 + 4?
3
Suppose -4*j - 64 = -d, 4*d - 5*j - 186 = -3*j. What is the remainder when 168 is divided by d?
36
Suppose -5*l = -2*l - 87. Suppose -2*u - 8 = -q, u - 11 = 2*u - 4*q. Let v = 13 + u. Calculate the remainder when l is divided by v.
9
Suppose -4*q - 306 = -6*q. Suppose 0 = 3*v + 69 - q. What is the remainder when 110 is divided by v?
26
Suppose 139 = f + 165*r - 167*r, -2*f = 2*r - 296. What is the remainder when f is divided by 38?
31
Suppose 4*x = -d + 186, 5*d - 103 = -4*x + 91. Let i = x + -43. Calculate the remainder when i is divided by 1.
0
Let a(u) = 2*u**2 - 9*u + 9. Suppose b - 2*b = -311. Suppose -5*g - 41 = -b. Calculate the remainder when g is divided by a(5).
12
Let a = -1133 + 1154. Calculate the remainder when 122 is divided by a.
17
Let g(s) = 4*s**2 - s + 1. Let n be g(1). Suppose n*f - 2*f = -5*i + 14, 3*f + 5*i - 16 = 0. Calculate the remainder when 23 is divided by (f - 0)*26/4.
10
Let z(s) = s**3 - 6*s**2 - 45*s + 21. What is the remainder when 781 is divided by z(11)?
126
Let b = -2449 - -2495. What is the remainder when 964 is divided by b?
44
What is the remainder when 143 is divided by -5*(-92)/12 + 16/(-12)?
32
Let q(x) = -x + 7. Let t be q(8). Let r be (t - (-5)/1) + 24. Let w = r + -16. What is the remainder when 35 is divided by w?
11
Let u = -1013 - -1460. Suppose 0 = -5*c - k + 457, -3*k - u = -5*c + k. What is the remainder when c is divided by 23?
22
Let p(c) be the second derivative of 7*c**3/6 + 2*c**2 + 41*c. Let f(d) = -2*d - 7. Let y be f(-9). Calculate the remainder when p(y) is divided by 28.
25
Suppose 5*m = 7*m - 6. Suppose 0 = 4*f + 3*t - 85, -3*f - m*t + 70 = 4. What is the remainder when 94 is divided by f?
18
Let z(v) = 4*v**2 + 10*v + 28. What is the remainder when z(-8) is divided by 11?
6
Suppose -2*t + 12 = -4*c, c + 5 = -4*c. Let k(r) = 0 - t*r - r - 9 + 3. Calculate the remainder when k(-7) is divided by 10.
9
Let p(q) = 2*q**2 + 4. Let o be p(0). Calculate the remainder when (8/(-6) + o)*21 is divided by 15.
11
Let b be 10/(-4) - 1/(-2). Let c be b/(-4)*32/(-4). Let d = 11 + c. Calculate the remainder when 20 is divided by d.
6
Let h be (-10)/1*6/5. Let j = h + 33. Suppose 0 = -36*m + 624 + 816. Calculate the remainder when m is divided by j.
19
Let g = -77 - -90. What is the remainder when 336 is divided by g?
11
Let z(c) = -c**2 - 9*c - 6. Suppose -7*b - 22 - 27 = 0. Calculate the remainder when (-2)/b - 429/(-91) is divided by z(-8).
1
Let w(d) = d**2 + 6*d - 2. Let l = -6 - 1. Let u be w(l). Suppose -5*r + 80 = 4*h, 0*h + 73 = 4*r + u*h. Calculate the remainder when 46 is divided by r.
10
Let v = -109 - -111. What is the remainder when 23 is divided by v?
1
Let f(y) = 7*y - 90. Let k = 11 + 3. Calculate the remainder when 31 is divided by f(k).
7
Suppose -2*g + g - 13 = 0. Let a = g + 15. Suppose 4*w = a*w + 10. Calculate the remainder when 19 is divided by w.
4
Let u = -288 + 301. What is the remainder when 45 is divided by u?
6
Suppose 0 = -22*z + 313 + 523. What is the remainder when z is divided by 7?
3
Calculate the remainder when 19 - (5 - 1) - 4 is divided by (-2)/2*10/(14/(-7)).
1
Calculate the remainder when 98 is divided by ((5/3)/1)/((-64)/(-2112)).
43
Calculate the remainder when 60 is divided by 4 + (-18)/(-18) + 1*26.
29
Suppose 3*b - l - 98 = 614, 5*l = -4*b + 924. What is the remainder when b is divided by 10?
6
Suppose 9 = 5*u - 6. Suppose -u*t = -72 - 9. What is the remainder when 78 is divided by t?
24
Suppose -4*a + 9 + 11 = 0. What is the remainder when 13 + 1/1 - (41 + -37) is divided by a?
0
Let m(j) = 46*j - 593. Calculate the remainder when 1680 is divided by m(14).
48
Suppose -8*p - 4 = 12. Calculate the remainder when 29 is divided by 2 - (3 + p + -5).
5
Let b = 27 + -7. Suppose -3*t + b = -4. Let q = -224 + 254. Calculate the remainder when q is divided by t.
6
Let o(g) = 3*g**3 - g**2 + 2*g. Let h(k) = 5*k**3 - 3*k**2 + 4*k + 1. Let c(q) = -2*h(q) + 5*o(q). What is the remainder when 11 is divided by c(1)?
5
Let s(d) = d**3 + 6*d**2 - d + 5. Let u = -240 + 113. Let b = u - -141. What is the remainder when s(-4) is divided by b?
13
Let y(x) = 2*x - 29. Let g be y(16). Suppose g*d - 17 = -u - u, -4*d + 17 = -3*u. Calculate the remainder when 43 is divided by d.
3
Suppose 27*h - 21 = 20*h. Calculate the remainder when h*1 + 12*(-30)/(-5) is divided by 19.
18
Suppose -4*t + 88 = 8*j - 4*j, -3*t - j + 56 = 0. What is the remainder when 115 is divided by t?
13
Suppose -96 = -3*j + 21. Calculate the remainder when 544 is divided by j.
37
Let l be 22 + -26 - (-384)/(-2). Let z = l + 348. What is the remainder when z is divided by 31?
28
Suppose -2*w - 3*h + 6*h = -39, -2*h + 6 = 0. Suppose 3*p + 2*a - w = 0, -7*a + 6*a + 40 = 5*p. What is the remainder when 198 is divided by p?
6
Suppose 3*s - 290 = -0*s - v, s + v = 96. Let g(x) = -3*x**3 - 92*x**2 + 31*x + 20. What is the remainder when s is divided by g(-31)?
17
Let r = -172 + 196. What is the remainder when r is divided by 9?
6
Let h(k) be the first derivative of -k**4/4 - 13*k**3/3 - 3*k**2/2 - 17*k + 18. Calculate the remainder when 328 is divided by h(-13